
-499
Let j(o) = o**3 - 26*o**2 - 34*o + 178. Give j(27).
-11
Let z(i) = 3*i**3 + 117*i**2 - 119*i + 21. Give z(-40).
-19
Let p(j) = 69*j + 433. Give p(-7).
-50
Let t(n) = -172*n + 1011. Determine t(6).
-21
Let h(x) = -x**3 + 15*x**2 - 21*x + 26. Give h(14).
-72
Let s(x) = -138*x + 2354. Give s(17).
8
Let p(a) = 74*a + 932. Determine p(-2).
784
Let n(x) = -987*x - 4900. Calculate n(-5).
35
Let v(n) = -n**3 + 7*n**2 + 12*n - 3. Give v(8).
29
Let v(i) = -i**3 + 16*i**2 + 34*i + 38. What is v(18)?
2
Let d(j) = 73*j + 4583. Calculate d(-63).
-16
Let a(p) = -6*p**3 + 35*p**2 - 22*p. Calculate a(5).
15
Let b(q) = -242*q + 1027. Determine b(4).
59
Let x(s) = -153*s - 521. Calculate x(-3).
-62
Let s(v) = -27*v**2 - 3*v - 16. Give s(-3).
-250
Let c(r) = -2*r**3 + 5*r**2 + 25*r - 70. What is c(3)?
-4
Let k(s) = -10436*s + 104366. Determine k(10).
6
Let c(f) = f**3 - 9*f**2 + 12*f + 34. Calculate c(9).
142
Let o(b) = -54*b - 27. Give o(1).
-81
Let w(m) = 3*m**2 - 54*m - 6. Determine w(17).
-57
Let x(l) = l**2 - 23*l + 87. Determine x(16).
-25
Let a(j) = -j**2 + 30*j - 155. Determine a(6).
-11
Let t(g) = -6*g - 19. Determine t(-4).
5
Let x(j) = -3*j**3 - 2*j**2 + 4*j + 12. What is x(-2)?
20
Let g(k) = -2*k**2 - 156*k - 632. What is g(-74)?
-40
Let i(q) = q**2 - 10*q - 7. Calculate i(-7).
112
Let c(d) = -888*d - 2664. What is c(-3)?
0
Let s(v) = v**3 - 70*v**2 - 147*v + 192. Determine s(72).
-24
Let x(k) = 6*k**2 - 3068*k + 12174. Calculate x(4).
-2
Let u(r) = -8*r**3 - 112*r**2 - 8*r - 92. Determine u(-14).
20
Let u(h) = -h**3 - 2*h**2 + 2*h - 133. Determine u(0).
-133
Let g(z) = -3*z**2 - 213*z - 216. What is g(-70)?
-6
Let f(v) = -41*v**2 + 3525*v - 3. Give f(86).
-89
Let w(p) = p**3 + 49*p**2 - 1046*p - 397. Calculate w(-65).
-7
Let d(t) = 2*t + 43. Give d(-19).
5
Let r(c) = 2*c**3 + 118*c**2 - 364*c + 9. What is r(3)?
33
Let n(a) = 48*a + 81. Give n(3).
225
Let j(y) = 7*y**2 - 98*y - 4. What is j(14)?
-4
Let m(x) = -9*x - 18. Calculate m(4).
-54
Let u(n) = -n**3 + 114*n**2 - 2470*n + 419. Give u(85).
-6
Let n(x) = -x**3 - 45*x**2 + 184*x - 552. Determine n(-49).
36
Let x(u) = 109*u + 1285. Calculate x(-12).
-23
Let b(a) = 359*a + 14387. What is b(-40)?
27
Let i(p) = p**3 - p**2 + 11. What is i(-3)?
-25
Let c(m) = 22*m - 1293. Determine c(47).
-259
Let a(y) = 19*y + 911. Calculate a(-55).
-134
Let v(z) = 7*z - 295. Determine v(42).
-1
Let a(j) = 105*j - 710. Calculate a(7).
25
Let p(c) = c**3 - 22*c**2 - 71*c + 548. What is p(24)?
-4
Let n(v) = -4*v**3 - 509*v**2 - 124*v + 160. Give n(-127).
-221
Let b(j) = -j**2 + 18*j - 69. What is b(10)?
11
Let q(b) = -2*b**3 + 13*b**2 + 16*b - 57. Give q(7).
6
Let y(d) = -838*d + 1669. What is y(2)?
-7
Let p(y) = -5*y - 97. Give p(5).
-122
Let x(t) = 105*t + 1279. Calculate x(-13).
-86
Let n(o) = -o**3 - 62*o**2 + 3*o + 186. Give n(-62).
0
Let j(x) = -x**3 - 2*x**2 + 10*x - 28. Determine j(-6).
56
Let l(u) = u**2 - 99*u - 11580. Give l(-69).
12
Let d(j) = -2*j**2 - 11*j + 24967. Give d(109).
6
Let y(t) = 3*t**2 + 12*t - 24. What is y(-8)?
72
Let j(r) = 11*r**2 - 64*r + 4. Calculate j(4).
-76
Let k(z) = -53*z + 436. What is k(8)?
12
Let f(m) = m**3 + 3*m**2 - 29*m + 119. Give f(5).
174
Let q(n) = 34*n - 279. Give q(0).
-279
Let n(v) = 241*v + 32772. Calculate n(-136).
-4
Let h(g) = 528*g + 4235. Give h(-8).
11
Let p(n) = 2*n + 71. Determine p(-11).
49
Let a(j) = -5*j**2 - 9*j - 1. What is a(2)?
-39
Let r(z) = z**3 + 15*z**2 + 31*z + 20. Calculate r(-13).
-45
Let l(w) = w**2 - 96*w - 6913. What is l(-48)?
-1
Let u(x) = -x**2 + x - 114. What is u(-13)?
-296
Let r(k) = -26*k + 427. What is r(15)?
37
Let l(u) = u**3 + 6*u**2 + 8*u - 4. Calculate l(-4).
-4
Let d(s) = s**3 + 26*s**2 - 3*s + 718. What is d(-27)?
70
Let o(a) = -556*a - 3304. Calculate o(-6).
32
Let r(n) = n**2 + 15*n + 17. Determine r(-13).
-9
Let j(n) = n**3 + 9*n**2 - 127*n + 11. Give j(-17).
-142
Let i(z) = -z**3 + 6*z**2 + 4862*z - 38772. Give i(8).
-4
Let g(z) = z**2 - 1657*z - 16680. What is g(-10)?
-10
Let n(c) = c**3 + 8*c**2 + 6*c + 10. Calculate n(-6).
46
Let o(x) = -9*x - 142. Determine o(-10).
-52
Let a(m) = -m**2 - 39*m + 1253. What is a(21)?
-7
Let b(u) = -u**2 + 954*u - 7. Give b(0).
-7
Let a(f) = 93*f + 5774. Calculate a(-62).
8
Let f(b) = b**3 + 105*b**2 + 211*b + 501. Give f(-103).
-14
Let k(m) = -m**3 + 14*m**2 + 277*m - 18. Calculate k(25).
32
Let a(f) = f**3 - f**2 - 3*f - 33. What is a(7)?
240
Let x(i) = -2*i**3 + 70*i**2 - 10*i + 212. Calculate x(35).
-138
Let b(g) = -503*g + 1418. What is b(4)?
-594
Let l(g) = -g**3 + 17*g**2 - 27*g + 202. Determine l(16).
26
Let s(m) = -m**2 + 12*m - 129. Calculate s(14).
-157
Let j(l) = 20*l**2 - 6*l + 9. Determine j(2).
77
Let m(t) = 285*t - 30765. Calculate m(108).
15
Let w(x) = -x**2 + 63*x - 536. Calculate w(53).
-6
Let q(a) = -2*a**3 - 13*a**2 + 72*a - 14. Give q(5).
-229
Let z(q) = q**2 + 377*q + 31433. What is z(-252)?
-67
Let m(f) = f - 45. What is m(24)?
-21
Let a(i) = 90*i - 298. What is a(4)?
62
Let c(v) = 1582*v - 1567. Give c(1).
15
Let i(h) = 67*h - 81. Give i(1).
-14
Let p(b) = 35*b - 394. What is p(6)?
-184
Let x(f) = 2*f**2 - 95*f - 15350. What is x(-67)?
-7
Let q(k) = 599*k - 14974. What is q(25)?
1
Let u(s) = -s**2 - 18*s + 60. Determine u(5).
-55
Let j(h) = h**2 - 162*h - 42721. Determine j(-141).
2
Let a(s) = 1046*s + 53351. Give a(-51).
5
Let i(d) = -2*d**2 + 41*d + 31. Determine i(33).
-794
Let v(l) = l**3 + 76*l**2 - 37*l - 8389. What is v(-75)?
11
Let p(s) = 4027*s - 64435. Determine p(16).
-3
Let b(x) = 160*x + 4. Determine b(-1).
-156
Let g(d) = 8*d**3 - d**2 - 12*d + 3. Calculate g(-2).
-41
Let j(t) = -7*t**2 - 742*t + 1518. Determine j(-108).
6
Let s(w) = 14*w**3 - 145*w**2 - 94*w - 42. Calculate s(11).
13
Let w(n) = 2*n**2 + 9*n - 195. Give w(-13).
26
Let l(k) = 2*k**2 + 3850*k + 2. What is l(0)?
2
Let h(n) = n**3 - 49*n**2 - 160*n + 30. Determine h(52).
-178
Let z(s) = s**3 + 36*s**2 + 259*s. Determine z(-26).
26
Let t(g) = 2*g**3 + 10*g**2 + 112*g + 781. Determine t(-7).
-199
Let c(n) = -n**2 - 28*n + 61. What is c(-15)?
256
Let a(p) = 327*p - 142. Give a(-3).
-1123
Let k(y) = -123*y + 4285. Calculate k(33).
226
Let b(v) = -v**2 - 1241*v + 2474. What is b(2)?
-12
Let y(c) = -c**2 - 25*c + 32. Determine y(-19).
146
Let s(q) = 1284*q + 23106. What is s(-18)?
-6
Let v(o) = -2*o**3 - 51*o**2 - 26*o - 23. What is v(-25)?
2
Let q(i) = -i**3 - 20*i**2 - 47*i + 60. Give q(-17).
-8
Let g(q) = 2*q - 97. Give g(20).
-57
Let u(w) = -w**2 + 213*w - 10616. Calculate u(79).
-30
Let u(o) = -6*o - 113. Give u(-22).
19
Let j(d) = d**3 + 43*d**2 - 414*d - 320. Give j(-51).
-14
Let w(y) = -1454*y + 17442. Calculate w(12).
-6
Let w(t) = 2*t**3 + 5*t**2 + 4*t - 4. Calculate w(-3).
-25
Let s(a) = 545*a + 18539. Calculate s(-34).
9
Let t(s) = -137*s**2 - 1353*s - 23. Give t(-10).
-193
Let b(p) = -p**3 + 117*p**2 + 349*p + 1323. What is b(120)?
3
Let n(j) = j**2 + 28*j - 164. Determine n(0).
-164
Let k(y) = -4*y**3 - 46*y**2 - 8*y + 132. Give k(-11).
-22
Let n(d) = -6249*d + 24975. What is n(4)?
-21
Let q(b) = 101*b - 59. Determine q(4).
345
Let r(a) = -7*a**2 + 20*a. Give r(2).
12
Let w(b) = 2829*b - 11313. Give w(4).
3
Let i(b) = -3*b**3 - b**2 - 867*b + 870. Calculate i(1).
-1
Let t(q) = 4*q**3 + 6*q**2 - 16*q - 12. Determine t(3).
102
Let t(v) = 21*v**2 - 9*v - 5. Determine t(1).
7
Let r(s) = -13*s**2 + 270*s - 11. Give r(20).
189
Let m(v) = 5*v**2 + 427*v - 242. Calculate m(-86).
16
Let q(d) = -2*d**3 + 22*d**2 + 331*d - 3645. Give q(11).
-4
Let o(z) = -582*z + 5227. Give o(9).
-11
Let r(l) = -2*l - 42. Calculate r(-51).
60
Let j(z) = -2*z**3 - 3*z**2 + 41*z + 84. Determine j(-2).
6
Let y(a) = 277*a + 6242. Calculate y(-23).
-129
Let i(o) = -2*o**3 + 9*o**2 - 10*o + 1. Calculate i(3).
-2
Let a(w) = 7*w**2 + 18*w - 30. What is a(-6)?
114
Let o(u) = 88*u**2 + 274*u + 29. Give o(-3).
-1
Let j(d) = -d**3 + 11*d**2 - 67*d + 158. Calculate j(4).
2
Let o(u) = u**3 - 6*u**2 - 52*u + 243. Calculate o(7).
-72
Let d(f) = 4*f**2 - 218*f + 323. What is d(53)?
5
Let r(l) = -2091*l + 32. Calculate r(0).
32
Let a(z) = 122*z + 334. Calculate a(-3).
-32
Let q(d) = -d**3 - 8*d**2 - 31*d + 69. Give q(-10).
579
Let c(m) = m**2 + 7*m - 245. What is c(-20)?
15
Let u(s) = -36*s**3 + 4*s**2 - 2*s - 6. What